{"id":3395,"date":"2024-05-08T15:07:57","date_gmt":"2024-05-08T18:07:57","guid":{"rendered":"https:\/\/hcoe.com.br\/web\/?page_id=3395"},"modified":"2024-05-08T15:07:57","modified_gmt":"2024-05-08T18:07:57","slug":"cirurgia-de-calazio","status":"publish","type":"page","link":"https:\/\/hcoe.com.br\/web\/index.php\/cirurgia-de-calazio\/","title":{"rendered":"Cirurgia de Cal\u00e1zio"},"content":{"rendered":"<div id=\"pl-3395\"  class=\"panel-layout\" ><div id=\"pg-3395-0\"  class=\"panel-grid panel-has-style\" ><div class=\"divider-no-animation tablet-default mobile-default desktop-default custom panel-row-style panel-row-style-for-3395-0\" ><div id=\"pgc-3395-0-0\"  class=\"panel-grid-cell\" ><div id=\"panel-3395-0-0-0\" class=\"so-panel widget widget_sow-editor panel-first-child panel-last-child\" data-index=\"0\" ><div class=\"orion panel-widget-style panel-widget-style-for-3395-0-0-0\" ><div\n\t\t\t\n\t\t\tclass=\"so-widget-sow-editor so-widget-sow-editor-base\"\n\t\t\t\n\t\t>\n<div class=\"siteorigin-widget-tinymce textwidget\">\n\t<p style=\"text-align: justify;\"><img loading=\"lazy\" decoding=\"async\" class=\"size-full wp-image-3396 aligncenter\" src=\"https:\/\/hcoe.com.br\/web\/wp-content\/uploads\/2024\/05\/calaz.jpg\" alt=\"\" width=\"300\" height=\"200\" srcset=\"https:\/\/hcoe.com.br\/web\/wp-content\/uploads\/2024\/05\/calaz.jpg 300w, https:\/\/hcoe.com.br\/web\/wp-content\/uploads\/2024\/05\/calaz-272x182.jpg 272w\" sizes=\"(max-width: 300px) 100vw, 300px\" \/><\/p>\n<p style=\"text-align: justify;\">O cal\u00e1zio \u00e9 uma inflama\u00e7\u00e3o comum das gl\u00e2ndulas de Meib\u00f4mio localizadas nas p\u00e1lpebras. Caracteriza-se pelo surgimento de um n\u00f3dulo indolor, mas que pode crescer e causar desconforto est\u00e9tico e f\u00edsico. Quando medidas conservadoras, como compressas quentes e massagens palpebrais, n\u00e3o s\u00e3o suficientes, a cirurgia se faz necess\u00e1ria.<\/p>\n<p style=\"text-align: justify;\">Cada procedimento cir\u00fargico de cal\u00e1zio \u00e9 conduzido com a m\u00e1xima precis\u00e3o. A cirurgia \u00e9 realizada sob anestesia local, em um ambiente esterilizado, garantindo conforto e seguran\u00e7a ao paciente. Nossos especialistas utilizam t\u00e9cnicas minimamente invasivas que promovem uma recupera\u00e7\u00e3o r\u00e1pida e eficaz, reduzindo ao m\u00ednimo o desconforto p\u00f3s-operat\u00f3rio.<\/p>\n<p style=\"text-align: justify;\">Entendemos que cada paciente \u00e9 \u00fanico. Por isso, nosso processo come\u00e7a com uma consulta detalhada, onde avaliamos a condi\u00e7\u00e3o espec\u00edfica do cal\u00e1zio, discutimos as expectativas e explicamos o procedimento cir\u00fargico. Esta abordagem individualizada assegura que cada paciente receba o plano de tratamento mais adequado \u00e0s suas necessidades.<\/p>\n<p style=\"text-align: justify;\">Ap\u00f3s a cirurgia, oferecemos um acompanhamento cuidadoso para monitorar a recupera\u00e7\u00e3o e garantir os melhores resultados. Nossa equipe est\u00e1 sempre dispon\u00edvel para esclarecer d\u00favidas e fornecer orienta\u00e7\u00f5es, assegurando que cada paciente se sinta apoiado em cada etapa do seu tratamento.<\/p>\n<p style=\"text-align: justify;\">Estamos comprometidos em oferecer excel\u00eancia em cuidados oftalmol\u00f3gicos. A cirurgia de cal\u00e1zio \u00e9 apenas um exemplo de como aplicamos nossa especializa\u00e7\u00e3o, tecnologia e compaix\u00e3o para melhorar a vis\u00e3o e a vida de nossos pacientes. Convidamos voc\u00ea a nos visitar e descobrir como podemos ajud\u00e1-lo a ver o mundo com novos olhos.<\/p>\n<p style=\"text-align: justify;\">\u00a0<\/p>\n<\/div>\n<\/div><\/div><\/div><\/div><div id=\"pgc-3395-0-1\"  class=\"panel-grid-cell\" ><div id=\"panel-3395-0-1-0\" class=\"so-panel widget widget_orion_image_w panel-first-child panel-last-child\" data-index=\"1\" ><div class=\"orion custom default panel-widget-style panel-widget-style-for-3395-0-1-0\" ><div\n\t\t\t\n\t\t\tclass=\"so-widget-orion_image_w so-widget-orion_image_w-base\"\n\t\t\t\n\t\t>\r\n<div class=\"image-w relative\">\r\n\r\n\t\t\t\t\t\t\t<a class=\" overlay-none overlay-hover-none\" href=\"https:\/\/api.whatsapp.com\/send\/?phone=5575981319113&#038;text&#038;type=phone_number&#038;app_absent=0\">\r\n\t\t\r\n\t\t\t\t\t<img loading=\"lazy\" decoding=\"async\" width=\"1300\" height=\"1300\" src=\"https:\/\/hcoe.com.br\/web\/wp-content\/uploads\/2024\/05\/4343ttretyryjgmjh7iuyf.jpg\" class=\"attachment- size-\" alt=\"\" \/>\t\t\t<div class=\"overlay\"><\/div>\r\n\t\t\r\n\t\t\t\t\t<\/a>\r\n\t\t\t\r\n\t\r\n\t<div class=\"absolute\">\r\n\t\t<div class=\"hover-desc table-wrap\">\r\n\t\t\t<div class=\"cell-wrap\">\r\n\t\t\t\t<h4 class=\"text-light\"><\/h4>\r\n\t\t\t<\/div>\r\n\t\t<\/div>\r\n\t<\/div>\t\t\t\t\t\r\n<\/div>\r\n\r\n<\/div><\/div><\/div><\/div><\/div><\/div><\/div>","protected":false},"excerpt":{"rendered":"<p>O cal\u00e1zio \u00e9 uma inflama\u00e7\u00e3o comum das gl\u00e2ndulas de Meib\u00f4mio localizadas nas p\u00e1lpebras. Caracteriza-se pelo surgimento de um n\u00f3dulo indolor, mas que pode crescer e causar desconforto est\u00e9tico e f\u00edsico. Quando medidas conservadoras, como compressas quentes e massagens palpebrais, n\u00e3o s\u00e3o suficientes, a cirurgia se faz necess\u00e1ria.Cada procedimento cir\u00fargico de cal\u00e1zio \u00e9 conduzido com a<\/p>\n","protected":false},"author":1,"featured_media":0,"parent":0,"menu_order":0,"comment_status":"closed","ping_status":"closed","template":"","meta":{"footnotes":""},"yoast_head":"<!-- This site is optimized with the Yoast SEO plugin v22.7 - https:\/\/yoast.com\/wordpress\/plugins\/seo\/ -->\n<title>Cirurgia de Cal\u00e1zio - Hcoe - Hospital de Olhos<\/title>\n<meta name=\"robots\" content=\"index, follow, max-snippet:-1, max-image-preview:large, max-video-preview:-1\" \/>\n<link rel=\"canonical\" href=\"https:\/\/hcoe.com.br\/web\/index.php\/cirurgia-de-calazio\/\" \/>\n<meta property=\"og:locale\" content=\"pt_BR\" \/>\n<meta property=\"og:type\" content=\"article\" \/>\n<meta property=\"og:title\" content=\"Cirurgia de Cal\u00e1zio - Hcoe - Hospital de Olhos\" \/>\n<meta property=\"og:description\" content=\"O cal\u00e1zio \u00e9 uma inflama\u00e7\u00e3o comum das gl\u00e2ndulas de Meib\u00f4mio localizadas nas p\u00e1lpebras. Caracteriza-se pelo surgimento de um n\u00f3dulo indolor, mas que pode crescer e causar desconforto est\u00e9tico e f\u00edsico. Quando medidas conservadoras, como compressas quentes e massagens palpebrais, n\u00e3o s\u00e3o suficientes, a cirurgia se faz necess\u00e1ria.Cada procedimento cir\u00fargico de cal\u00e1zio \u00e9 conduzido com a\" \/>\n<meta property=\"og:url\" content=\"https:\/\/hcoe.com.br\/web\/index.php\/cirurgia-de-calazio\/\" \/>\n<meta property=\"og:site_name\" content=\"Hcoe - Hospital de Olhos\" \/>\n<meta property=\"article:publisher\" content=\"https:\/\/www.facebook.com\/profile.php?id=61558625227187\" \/>\n<meta property=\"og:image\" content=\"https:\/\/hcoe.com.br\/web\/wp-content\/uploads\/2024\/05\/calaz.jpg\" \/>\n<meta name=\"twitter:card\" content=\"summary_large_image\" \/>\n<meta name=\"twitter:label1\" content=\"Est. tempo de leitura\" \/>\n\t<meta name=\"twitter:data1\" content=\"1 minuto\" \/>\n<script type=\"application\/ld+json\" class=\"yoast-schema-graph\">{\"@context\":\"https:\/\/schema.org\",\"@graph\":[{\"@type\":\"WebPage\",\"@id\":\"https:\/\/hcoe.com.br\/web\/index.php\/cirurgia-de-calazio\/\",\"url\":\"https:\/\/hcoe.com.br\/web\/index.php\/cirurgia-de-calazio\/\",\"name\":\"Cirurgia de Cal\u00e1zio - Hcoe - Hospital de Olhos\",\"isPartOf\":{\"@id\":\"https:\/\/hcoe.com.br\/web\/#website\"},\"primaryImageOfPage\":{\"@id\":\"https:\/\/hcoe.com.br\/web\/index.php\/cirurgia-de-calazio\/#primaryimage\"},\"image\":{\"@id\":\"https:\/\/hcoe.com.br\/web\/index.php\/cirurgia-de-calazio\/#primaryimage\"},\"thumbnailUrl\":\"https:\/\/hcoe.com.br\/web\/wp-content\/uploads\/2024\/05\/calaz.jpg\",\"datePublished\":\"2024-05-08T18:07:57+00:00\",\"dateModified\":\"2024-05-08T18:07:57+00:00\",\"breadcrumb\":{\"@id\":\"https:\/\/hcoe.com.br\/web\/index.php\/cirurgia-de-calazio\/#breadcrumb\"},\"inLanguage\":\"pt-BR\",\"potentialAction\":[{\"@type\":\"ReadAction\",\"target\":[\"https:\/\/hcoe.com.br\/web\/index.php\/cirurgia-de-calazio\/\"]}]},{\"@type\":\"ImageObject\",\"inLanguage\":\"pt-BR\",\"@id\":\"https:\/\/hcoe.com.br\/web\/index.php\/cirurgia-de-calazio\/#primaryimage\",\"url\":\"https:\/\/hcoe.com.br\/web\/wp-content\/uploads\/2024\/05\/calaz.jpg\",\"contentUrl\":\"https:\/\/hcoe.com.br\/web\/wp-content\/uploads\/2024\/05\/calaz.jpg\",\"width\":300,\"height\":200},{\"@type\":\"BreadcrumbList\",\"@id\":\"https:\/\/hcoe.com.br\/web\/index.php\/cirurgia-de-calazio\/#breadcrumb\",\"itemListElement\":[{\"@type\":\"ListItem\",\"position\":1,\"name\":\"In\u00edcio\",\"item\":\"https:\/\/hcoe.com.br\/web\/\"},{\"@type\":\"ListItem\",\"position\":2,\"name\":\"Cirurgia de Cal\u00e1zio\"}]},{\"@type\":\"WebSite\",\"@id\":\"https:\/\/hcoe.com.br\/web\/#website\",\"url\":\"https:\/\/hcoe.com.br\/web\/\",\"name\":\"Hcoe - Hospital de Olhos\",\"description\":\"\",\"publisher\":{\"@id\":\"https:\/\/hcoe.com.br\/web\/#organization\"},\"potentialAction\":[{\"@type\":\"SearchAction\",\"target\":{\"@type\":\"EntryPoint\",\"urlTemplate\":\"https:\/\/hcoe.com.br\/web\/?s={search_term_string}\"},\"query-input\":\"required name=search_term_string\"}],\"inLanguage\":\"pt-BR\"},{\"@type\":\"Organization\",\"@id\":\"https:\/\/hcoe.com.br\/web\/#organization\",\"name\":\"Hcoe - Hospital de Olhos\",\"url\":\"https:\/\/hcoe.com.br\/web\/\",\"logo\":{\"@type\":\"ImageObject\",\"inLanguage\":\"pt-BR\",\"@id\":\"https:\/\/hcoe.com.br\/web\/#\/schema\/logo\/image\/\",\"url\":\"https:\/\/hcoe.com.br\/web\/wp-content\/uploads\/2024\/05\/Logo-Vetor.png\",\"contentUrl\":\"https:\/\/hcoe.com.br\/web\/wp-content\/uploads\/2024\/05\/Logo-Vetor.png\",\"width\":2624,\"height\":836,\"caption\":\"Hcoe - Hospital de Olhos\"},\"image\":{\"@id\":\"https:\/\/hcoe.com.br\/web\/#\/schema\/logo\/image\/\"},\"sameAs\":[\"https:\/\/www.facebook.com\/profile.php?id=61558625227187\",\"https:\/\/www.instagram.com\/hcoehospitaldeolhos\/\"]}]}<\/script>\n<!-- \/ Yoast SEO plugin. -->","yoast_head_json":{"title":"Cirurgia de Cal\u00e1zio - Hcoe - Hospital de Olhos","robots":{"index":"index","follow":"follow","max-snippet":"max-snippet:-1","max-image-preview":"max-image-preview:large","max-video-preview":"max-video-preview:-1"},"canonical":"https:\/\/hcoe.com.br\/web\/index.php\/cirurgia-de-calazio\/","og_locale":"pt_BR","og_type":"article","og_title":"Cirurgia de Cal\u00e1zio - Hcoe - Hospital de Olhos","og_description":"O cal\u00e1zio \u00e9 uma inflama\u00e7\u00e3o comum das gl\u00e2ndulas de Meib\u00f4mio localizadas nas p\u00e1lpebras. Caracteriza-se pelo surgimento de um n\u00f3dulo indolor, mas que pode crescer e causar desconforto est\u00e9tico e f\u00edsico. Quando medidas conservadoras, como compressas quentes e massagens palpebrais, n\u00e3o s\u00e3o suficientes, a cirurgia se faz necess\u00e1ria.Cada procedimento cir\u00fargico de cal\u00e1zio \u00e9 conduzido com a","og_url":"https:\/\/hcoe.com.br\/web\/index.php\/cirurgia-de-calazio\/","og_site_name":"Hcoe - Hospital de Olhos","article_publisher":"https:\/\/www.facebook.com\/profile.php?id=61558625227187","og_image":[{"url":"https:\/\/hcoe.com.br\/web\/wp-content\/uploads\/2024\/05\/calaz.jpg"}],"twitter_card":"summary_large_image","twitter_misc":{"Est. tempo de leitura":"1 minuto"},"schema":{"@context":"https:\/\/schema.org","@graph":[{"@type":"WebPage","@id":"https:\/\/hcoe.com.br\/web\/index.php\/cirurgia-de-calazio\/","url":"https:\/\/hcoe.com.br\/web\/index.php\/cirurgia-de-calazio\/","name":"Cirurgia de Cal\u00e1zio - Hcoe - Hospital de Olhos","isPartOf":{"@id":"https:\/\/hcoe.com.br\/web\/#website"},"primaryImageOfPage":{"@id":"https:\/\/hcoe.com.br\/web\/index.php\/cirurgia-de-calazio\/#primaryimage"},"image":{"@id":"https:\/\/hcoe.com.br\/web\/index.php\/cirurgia-de-calazio\/#primaryimage"},"thumbnailUrl":"https:\/\/hcoe.com.br\/web\/wp-content\/uploads\/2024\/05\/calaz.jpg","datePublished":"2024-05-08T18:07:57+00:00","dateModified":"2024-05-08T18:07:57+00:00","breadcrumb":{"@id":"https:\/\/hcoe.com.br\/web\/index.php\/cirurgia-de-calazio\/#breadcrumb"},"inLanguage":"pt-BR","potentialAction":[{"@type":"ReadAction","target":["https:\/\/hcoe.com.br\/web\/index.php\/cirurgia-de-calazio\/"]}]},{"@type":"ImageObject","inLanguage":"pt-BR","@id":"https:\/\/hcoe.com.br\/web\/index.php\/cirurgia-de-calazio\/#primaryimage","url":"https:\/\/hcoe.com.br\/web\/wp-content\/uploads\/2024\/05\/calaz.jpg","contentUrl":"https:\/\/hcoe.com.br\/web\/wp-content\/uploads\/2024\/05\/calaz.jpg","width":300,"height":200},{"@type":"BreadcrumbList","@id":"https:\/\/hcoe.com.br\/web\/index.php\/cirurgia-de-calazio\/#breadcrumb","itemListElement":[{"@type":"ListItem","position":1,"name":"In\u00edcio","item":"https:\/\/hcoe.com.br\/web\/"},{"@type":"ListItem","position":2,"name":"Cirurgia de Cal\u00e1zio"}]},{"@type":"WebSite","@id":"https:\/\/hcoe.com.br\/web\/#website","url":"https:\/\/hcoe.com.br\/web\/","name":"Hcoe - Hospital de Olhos","description":"","publisher":{"@id":"https:\/\/hcoe.com.br\/web\/#organization"},"potentialAction":[{"@type":"SearchAction","target":{"@type":"EntryPoint","urlTemplate":"https:\/\/hcoe.com.br\/web\/?s={search_term_string}"},"query-input":"required name=search_term_string"}],"inLanguage":"pt-BR"},{"@type":"Organization","@id":"https:\/\/hcoe.com.br\/web\/#organization","name":"Hcoe - Hospital de Olhos","url":"https:\/\/hcoe.com.br\/web\/","logo":{"@type":"ImageObject","inLanguage":"pt-BR","@id":"https:\/\/hcoe.com.br\/web\/#\/schema\/logo\/image\/","url":"https:\/\/hcoe.com.br\/web\/wp-content\/uploads\/2024\/05\/Logo-Vetor.png","contentUrl":"https:\/\/hcoe.com.br\/web\/wp-content\/uploads\/2024\/05\/Logo-Vetor.png","width":2624,"height":836,"caption":"Hcoe - Hospital de Olhos"},"image":{"@id":"https:\/\/hcoe.com.br\/web\/#\/schema\/logo\/image\/"},"sameAs":["https:\/\/www.facebook.com\/profile.php?id=61558625227187","https:\/\/www.instagram.com\/hcoehospitaldeolhos\/"]}]}},"_links":{"self":[{"href":"https:\/\/hcoe.com.br\/web\/index.php\/wp-json\/wp\/v2\/pages\/3395"}],"collection":[{"href":"https:\/\/hcoe.com.br\/web\/index.php\/wp-json\/wp\/v2\/pages"}],"about":[{"href":"https:\/\/hcoe.com.br\/web\/index.php\/wp-json\/wp\/v2\/types\/page"}],"author":[{"embeddable":true,"href":"https:\/\/hcoe.com.br\/web\/index.php\/wp-json\/wp\/v2\/users\/1"}],"replies":[{"embeddable":true,"href":"https:\/\/hcoe.com.br\/web\/index.php\/wp-json\/wp\/v2\/comments?post=3395"}],"version-history":[{"count":1,"href":"https:\/\/hcoe.com.br\/web\/index.php\/wp-json\/wp\/v2\/pages\/3395\/revisions"}],"predecessor-version":[{"id":3397,"href":"https:\/\/hcoe.com.br\/web\/index.php\/wp-json\/wp\/v2\/pages\/3395\/revisions\/3397"}],"wp:attachment":[{"href":"https:\/\/hcoe.com.br\/web\/index.php\/wp-json\/wp\/v2\/media?parent=3395"}],"curies":[{"name":"wp","href":"https:\/\/api.w.org\/{rel}","templated":true}]}}